45536)) composite?
True
Suppose 47487 = j + 4*p, -2*p = -14*j + 13*j + 47463. Is j prime?
False
Suppose 177311 = 39*p - 289090. Is p prime?
True
Suppose 6*s - 4 = -4. Suppose -3*u + 36 = -o - s*o, -3*u = 3*o - 36. Is u/42 + 3706/14 composite?
True
Suppose 16*g - 15*g = -2, -2*j - 4*g = -21366. Is j composite?
False
Let p = -2643 - -4200. Let d = -686 + p. Is d a prime number?
False
Suppose 0 = 18*i + 18*i - 2181944 - 8194660. Is i composite?
True
Suppose 3*p = 0, -3554 = -3*c + 5*p + 10234. Let i = 8357 - c. Is i a composite number?
False
Let b = -4282 + 7533. Let t = b - -240. Is t a prime number?
True
Let n be (0*4/(-16) - -1) + -751. Let c = n + 1380. Let k = c - 119. Is k prime?
False
Is 205978 + (9/(-24))/((-36)/(-48))*2 prime?
False
Let q(t) = 18*t**2 + 3. Let u = 142 - 138. Is q(u) prime?
False
Let m be (-13)/(63/49 + 2/(-7)). Let j(l) = -877*l + 198. Is j(m) composite?
True
Is (99 + -101)/(((-24)/(-165489))/(-4)) a prime number?
True
Suppose -11*r - 65 - 16226 = 0. Suppose -4*i - 1992 = 2*p, 3*p = -5*i - 5222 + 2231. Let s = p - r. Is s a composite number?
False
Let u(i) = i**3 + i**2 + 4*i + 3. Let t be u(-2). Let j(a) = -a**3 - 10*a**2 - 19*a + 7. Let c be j(t). Let p = 6 + c. Is p a prime number?
True
Suppose -2*v - 57*v - 13*v + 1127016 = 0. Is v composite?
True
Let g = 50 + -45. Suppose -f - 941 = -g*i + 176, 5*i - 2*f = 1119. Suppose 0 = -26*w + 25*w + i. Is w composite?
False
Suppose 0 = -14*o + 12*o + 5822. Let k be -4 - 0 - o - -1. Let b = 4503 + k. Is b a composite number?
True
Suppose 0 = -3*h - 6, 131*h - 126*h = -3*l + 386591. Is l composite?
True
Let k = 901 + -475. Suppose 19*h - 2215 = k. Is h prime?
True
Let n(o) = 641*o**3 + 2*o**2 - 3*o - 9. Let u be n(3). Suppose 57025 = 4*g - u. Is g a prime number?
True
Let r = 23805 + -53340. Let q be -1 + (-12)/(-10) + r/(-75). Let s = 1755 - q. Is s a prime number?
True
Is (-2 - -1)/((-290)/1635310) a prime number?
True
Let r(m) = m**3 - 52*m**2 + 76*m + 67. Is r(64) a prime number?
True
Let l = 751 + -88. Suppose 2*u - y - 4832 = 0, l = u - 5*y - 1744. Is u a composite number?
False
Suppose 5*v - l = 29, -2*v + 5*l + 18 = 3*l. Suppose z + 2546 = v*z + i, -3*z + 1905 = 3*i. Suppose -3*o + z = -2*o - r, 0 = r + 2. Is o a prime number?
False
Suppose 2*i - 2*x - 14 = x, -2*x = -5*i + 13. Let k be 0 - ((i - -2) + -1 + -2547). Suppose 4*r - k = -r. Is r prime?
True
Let g(v) = -62 + 514*v - 1 + 1934*v - 26 - 38. Is g(2) composite?
True
Let j(i) = -i + 18. Let g = -29 - -21. Let l be j(g). Suppose 29*n = l*n + 2163. Is n prime?
False
Suppose -b + 5172388 = 51*b. Is b composite?
False
Suppose 8*d = 619 + 661. Let f be 4/(-16) + 138/8. Let m = d - f. Is m a prime number?
False
Suppose -4*c + 2899388 = -3*x, 7*x = -0*x + 3*x. Is c a prime number?
True
Let u be (-12)/(-9)*((-45)/(-10))/3. Suppose -z - c + 991 = 0, 3976 = 2*z + u*z - 2*c. Let t = z + -512. Is t a composite number?
True
Suppose t = -4*g - 10, -5*g - 16 - 49 = -4*t. Let z = -239 + 448. Let c = z - t. Is c a composite number?
False
Let q = -347822 - -630889. Is q a prime number?
False
Suppose 14*x - 236218 = 605774 + 279590. Is x a composite number?
True
Let a(f) = 5*f**2 - 8*f + 5. Let n be a(4). Suppose n*y - 340751 = 12*y. Is y composite?
False
Suppose 5*z - 6*b + 4*b - 9179 = 0, -5*b = -4*z + 7350. Let m = z - -1474. Is m a prime number?
False
Let i(n) = 20*n**2 + 7*n - 47. Let u(c) = -7*c**2 - 2*c + 16. Let v(j) = 6*i(j) + 17*u(j). Let l be v(-9). Is 6/(24/(-4))*359*l composite?
False
Let v(l) = -2*l**2 - 2*l + 6. Let n be v(2). Let c be 0 + n - 9/(45/(-10)). Is -3 + (1261 - 4) + (-1 - c) prime?
False
Let s = 530 + -550. Is s/8*(-1*376)/4 a composite number?
True
Let z = -1040599 - -1700018. Is z prime?
True
Let n(f) = -f**3 + 19*f**2 - 92*f - 101. Is n(-28) prime?
True
Let s = 4685 - 8000. Let c = -2002 - s. Is c a composite number?
True
Is (3 - (-58515 + -4))/(3 + 4 - 5) prime?
False
Let y = 45 + -26. Let o = 43 - y. Let p = 155 + o. Is p prime?
True
Let d = 11632 - -7615. Is d a prime number?
False
Let p(y) = 23*y**2 - 91*y + 1901. Is p(-126) a composite number?
True
Suppose -3*f = 4*m - 395942, m - 3*f - 30092 - 68886 = 0. Suppose -z + m = 7*z. Is z a prime number?
True
Let f be -1 + (2/4 - 21/(-14)). Is f/(-3) - 42176/(-24) a composite number?
True
Suppose -14026704 - 9722889 = -69*q. Is q a composite number?
True
Suppose s - 5*k = 88478, 21*k - 18*k - 9 = 0. Is s prime?
True
Suppose 0 = 30*f - 4554048 - 317622. Is f a composite number?
False
Let h(o) = 370422*o + 1751. Is h(3) prime?
False
Suppose 206*n = 5*k + 208*n - 56917, -5*n + 5 = 0. Is k composite?
False
Let w = -246 - -248. Suppose -w*l = -1087 - 7587. Is l prime?
True
Suppose 316 = 4*g - w, 2*g + 3*w = 5*w + 164. Let k = -85 + g. Let m(j) = 38*j**2 - 5*j. Is m(k) prime?
False
Let x be ((-1)/(-7))/((-3)/(-42)). Suppose -x*r + 6528 + 2306 = 0. Is r a composite number?
True
Is 43 + -42 - (4 + -516977) a composite number?
True
Suppose 0 = 11*z + 13*z - 12*z - 77196. Is z composite?
True
Let h(q) = -4714*q**3 - 5*q**2 - q - 1. Let r be h(-3). Let m = 32559 - r. Is (-22)/(-99) - (m/18 - 1) a composite number?
False
Suppose -14*u = -30 - 54. Is 3/2*(3476 + u) + 4 a composite number?
False
Let m be -3 + (-42)/12*(-51032)/14. Suppose 63741 - m = 26*h. Is h composite?
True
Suppose -24*f + 3*q - 51655 = -29*f, 0 = -4*q. Is f a composite number?
False
Let x be 10/(-14) + 1 - 12/(-7). Let s(d) = 3*d**2 + 0*d**x - 4*d**2 + 3*d**2 - 12*d - 17. Is s(12) a prime number?
True
Suppose 3563*c - 3553*c - 276470 = 0. Is c prime?
True
Suppose 3*b = -12, 5*b - 9 = -2*i - 39. Let f(o) = -15*o**3 - 13 - 20*o**3 + 53*o**3 + 8*o - o**2 - 19*o**3. Is f(i) composite?
False
Let l be (4 + 8)*1/2. Suppose -10*j - 8 = -l*j. Let u(i) = -337*i - 1. Is u(j) a composite number?
False
Let m be (-1036125)/(-30) + 3/(-6). Suppose 136166 - m = 11*s. Is s composite?
False
Let t(p) = p**3 + 28*p**2 - 3*p - 80. Let n be t(-28). Suppose -6894 = -3*m - n*y, 0 = 3*m - 10*y + 8*y - 6912. Is m prime?
False
Let i(g) = 2*g**3 + 174 - g**3 - 3*g**2 + 0*g**3 + 2*g**2 + g. Let c be i(0). Let a = c - 45. Is a composite?
True
Suppose -296037 = 259*g - 262*g. Is 6/69 + g/161 composite?
False
Suppose p = -p - 4*l - 2, 4*p + 4 = -3*l. Let s = p - -3. Suppose -5*o + 2*d + 1049 = 0, -2*o = o + s*d - 639. Is o prime?
True
Suppose 0 = -26*x + 371671 + 169935. Is x a prime number?
False
Let l(x) = -x**3 - 5*x**2 + 14*x + 4. Let o(i) = i**3 + 5*i**2 + 6*i + 1. Let w be o(-4). Let a be l(w). Suppose -a*b - 1614 = -4842. Is b a prime number?
False
Let t = 507884 + -339493. Is t composite?
False
Let q be 0 + 1 - (-238 + -1). Let v = 600 + -581. Let g = q + v. Is g prime?
False
Let a(o) be the second derivative of o**5/20 + 17*o**4/12 + o**3/6 - 20*o**2 - 3*o + 5. Is a(-13) a prime number?
False
Let h = -376 + 370. Is (3/h)/((-6)/143004) a composite number?
True
Let r = 156 + -154. Suppose 756 = r*x - 2*w, -w + 1507 = 5*x - x. Is x a prime number?
False
Suppose -31728 = -9*g + 25962. Suppose -5*s = -48*x + 45*x - g, -4*s = 5*x - 5091. Is s a prime number?
True
Suppose 3*g + 68 = 37*g. Suppose -4*h + 2*n + 11657 = -14227, -g*h - 5*n = -12918. Is h prime?
True
Suppose 0 = -2*t - 2*f - 64, -t - 16 - 10 = -f. Let c = t + 34. Suppose c*i - 2*i + 5*g - 176 = 0, 0 = i - 5*g - 92. Is i a composite number?
False
Suppose -1415134 = -4*z - 2*n + 1105720, z = n + 630224. Is z a prime number?
False
Let w = -243 + 243. Suppose 6*z - 11128 - 710 = w. Is z a prime number?
True
Let o(c) = c**3 - 6*c**2 + 5*c + 4. Let x be o(5). Suppose 0 = -3*y - z + 324, -x*y + 336 + 104 = 4*z. Let l = -64 + y. Is l a prime number?
True
Let n = 20 - 17. Suppose -6*w + 1183 = -w - n*t, 2*t = 2*w - 474. Is w*(-4)/(-24)*30/4 a composite number?
True
Suppose -3*y = -3*k - 28389 - 22233, y + 3*k = 16854. Is y prime?
False
Let z be ((-3)/(-2))/((-6)/(-84)). Let r(y) = 28*y**3 - 20*y**2 - 49*y**3 + 14 + 22*y**3 - 20*y. Is r(z) prime?
False
Let m = 125375 + -61432. Is m composite?
True
Let d(z) = -9*z**3 - 3*z**2 + 18*z + 7. Let i = -68 + 79. Let f = 5 - i. Is d(f) composite?
True
Let o = -130115 - -197288. Is o composite?
True
Let z = 22907 + -7326. Is z a prime number?
True
Let p(g) be the first derivative of 33*g**4/4 - 10*g**3/3 - 2*g**2 + 17*g + 147. Is p